)/r). Let h(s) = -s**3 + 3*s**2 - 3*s + 2. Calculate h(t).
0
Let u(y) = 2*y**3 - 4*y**3 + 3 - 2*y**2 + 2*y + 0. Determine u(-2).
7
Let b = 10 + -7. Let n(s) be the second derivative of -s**5/20 + s**4/3 - s**3/3 - 7*s. What is n(b)?
3
Let t(b) = b**2 - b. Let y(m) be the second derivative of -m**5/20 + 2*m**4/3 - m**3 - 3*m**2/2 - 7*m. Let c(o) = -4*t(o) + y(o). Let p = 1 + 2. Give c(p).
0
Let u(d) = -d**3 - 5*d**2 - 4*d - 2. Suppose -5*x - 183 = -3*q, q - 48 = x + 15. Let y be (-10)/3*q/55. What is u(y)?
-2
Let n(q) be the first derivative of 2 - 4*q - 1/2*q**2. Determine n(3).
-7
Let b(m) = m**2 - 3*m. Let s be b(3). Let u(l) = -2 - 69*l**2 + 1 + 70*l**2 + 4*l - 4*l. Calculate u(s).
-1
Let v(l) be the first derivative of l**2/2 + 6. Suppose 0 = g + g - 4. Suppose -3*i + 2 + 1 = 2*a, -6 = -g*a - 2*i. What is v(a)?
6
Let b(z) = -6*z - 2 - 3 - z**2 - 3. Let w(o) = 2*o**3 - 14*o**2 - 2*o + 8. Let c be w(7). Calculate b(c).
-8
Let l(y) = 5*y - 11. Let r(v) = -4*v + 11. Let u(p) = 5*l(p) + 6*r(p). Determine u(-7).
4
Suppose -5*d - 18 = -n, -10 = 5*d + 10. Let o(s) = 3*s**3 + 2*s**2 - 3*s - 2. Calculate o(n).
-12
Let c be (-5 + 4)*4/1. Let n be 2/8 - 7/c. Let a(d) be the second derivative of d**3 - d**2 - d. Determine a(n).
10
Let w(n) = 6*n + 24. Let t be w(-3). Let y(z) = z - 3. What is y(t)?
3
Let y(x) be the first derivative of -x**2/2 - 7*x - 1. Let r(v) = -v**2 + 6*v - 4. Let n be r(4). Suppose -9 = l - n. Calculate y(l).
-2
Let j(x) = 2*x**3 - 16*x**2 + 15*x - 9. Let f(q) = -q**3 + 8*q**2 - 8*q + 5. Let v(s) = 5*f(s) + 3*j(s). Calculate v(7).
-16
Suppose -96 = -11*p - 30. Let w(x) = -x**2 + 4. Calculate w(p).
-32
Let b(x) be the first derivative of x**4/4 - x**2/2 + 3. Determine b(2).
6
Suppose x - 3*r = 3, -4 + 8 = -4*r. Let g = x - 2. Let p(q) = -4*q - 1. What is p(g)?
7
Suppose -q - 3*y - 43 = 3*q, 13 = -4*q + 3*y. Let s(m) = -m**2 - 7*m + 4. Calculate s(q).
4
Let c be 2/(-8) - (-18)/8. Let z(b) = -2*b - 4. Let x be z(-3). Let h(l) = l**x - l**2 - 2*l**2. Determine h(c).
-8
Let p(t) = -t**2 + 7*t + 1. Suppose 7 = 3*v - 2*v. What is p(v)?
1
Let v(r) = r**2 - 8*r + 6. Let m be v(8). Let y(h) = -m*h + h + h. Let i = -31 - -29. What is y(i)?
8
Let f be 59/(-60) - 17/(-17). Let b(i) be the third derivative of f*i**5 + 0*i + 0 - 1/3*i**3 + 2*i**2 + 0*i**4. What is b(-2)?
2
Let n(r) = -r - 3. Let f be (-2 - -1)/(1 + 0). Let x(v) be the third derivative of v**4/24 - 4*v**2. Let j(h) = f*n(h) - 2*x(h). Give j(-3).
6
Let f(g) = g**2 + 6*g. Let t(c) = -c**2 + 5*c - 4. Let b be t(4). Suppose 0 = 5*z - w + 6*w + 35, 2*w + 4 = b. What is f(z)?
-5
Let t(k) = -3 + 7 + 2 - 2 - k**2 + 5*k. Calculate t(5).
4
Let r(b) be the second derivative of b**3/6 + 2*b**2 + 4*b. Let a = 14 - 18. Calculate r(a).
0
Let z(r) = -3*r + 2. Let g(t) = -8*t + 6. Suppose 5*x + 18 = 2*x. Let q(s) = x*g(s) + 17*z(s). Give q(-3).
7
Let o(t) = 12*t**3 - t**2 + 8*t - 1. Let c(m) = 11*m**3 - m**2 + 7*m - 1. Let y(w) = -7*c(w) + 6*o(w). Give y(1).
-4
Let r(f) = -f**3 - 7*f**2 - f - 10. Let s(d) = -d**3 + 10*d**2 - 17*d + 1. Let y be s(8). What is r(y)?
-3
Suppose -j + 20 = 3*n, -j - 2*n = -1 - 14. Suppose 2*s - s - j = 0. Let w(o) = -2*o + 4. What is w(s)?
-6
Let d(h) = h**2 - 6*h - 3. Let x be d(6). Let i(o) be the third derivative of o**4/12 - o**3/2 + o**2. Determine i(x).
-9
Let m = 19 - 17. Let p(y) = 5*y - 3. Determine p(m).
7
Let g(x) = 5*x - x**3 - 14 + 6*x**3 + 13 - 8*x**2 - 4*x**3. Determine g(7).
-15
Let r = 0 - 2. Let b(k) = k**2 + 1. Let z(d) be the third derivative of d**5/30 - d**4/6 + 7*d**2. Let y(t) = -3*b(t) + z(t). Calculate y(r).
1
Let p(i) be the second derivative of i**3/6 + i**2 - 2*i. Let n = -9 + 9. What is p(n)?
2
Let h(q) = q**3 - 4*q**2 + 2. Let d = -1 - -3. Calculate h(d).
-6
Let f(b) = -b**2 + 7*b. Let a(t) = -t**2 + 15*t + 1. Let s(r) = -3*a(r) + 7*f(r). Calculate s(2).
-11
Let n(u) be the first derivative of u**4/4 - 2*u**3/3 + 2*u**2 - 3*u + 1. Suppose 2*m = 5*a + 4, 0 = 4*m + 4*a - 5 - 3. Give n(m).
5
Let o be (-2)/(4/1)*-10. Let j(t) = -t**2 + 8*t - 6. Determine j(o).
9
Let u(x) = x + 6. Let m be u(0). Suppose -4*l + m = 2. Let b(p) be the first derivative of -5*p**2 - p + 1. Determine b(l).
-11
Let r(b) be the second derivative of -3*b**5/20 - b**3/6 + 21*b. Determine r(1).
-4
Let z = -22 - -22. Let o(w) = -w**2 - w + 4. Calculate o(z).
4
Let y(i) be the third derivative of 0*i + 0 - 3*i**2 + 1/24*i**4 + 1/3*i**3. Determine y(4).
6
Let f(v) be the first derivative of 5*v**4/2 - v**3/3 - 2. Give f(1).
9
Let p(z) = -2*z. Let r be -3*(5 + -4) - -2. What is p(r)?
2
Let o(g) = -g**3 - 15*g**2 - 15*g - 20. Let v(j) = -j - 3. Let q be v(11). Let i be o(q). Let t(l) = -l - 1. Determine t(i).
5
Let n(q) = -q - 6. Let y(z) = z**3 - 2*z - 7. Let m be y(0). Give n(m).
1
Let x be -3*1*3/9. Let u be x/(-2) + (-3)/2. Let s(k) = -4*k + 1. What is s(u)?
5
Let i(c) be the second derivative of c**4/12 + 7*c**3/6 + 2*c**2 - 7*c. What is i(-5)?
-6
Let s(z) = -z + 13. Let m be s(10). Let w(a) = -a + 3. Calculate w(m).
0
Let c be ((-1)/(-2) + 0)*0. Let g(q) be the second derivative of q**4/12 + 4*q**2 - 41*q. Calculate g(c).
8
Let p be 2*1*(-2 + 1). Let f be p + 0 + 0 + 3. Let h(x) = x - 3 - 2 + f - 3*x. Give h(-4).
4
Let s = 21 + -27. Let y(j) = -2*j. Calculate y(s).
12
Let s = 8 - 6. Suppose 1 + s = -n. Let a(m) be the second derivative of -m**3/6 - m**2/2 + 2*m. Determine a(n).
2
Let f(h) = h + 9. Let z be (-27)/108 - (-1)/4. What is f(z)?
9
Let z(y) = 3*y - y**2 - 23*y**3 + 4*y**2 + 5 + 22*y**3. Give z(4).
1
Let s(b) = -b**2 + 6*b. Let z be (-2)/9 - 544/(-18). Suppose 3*h = 8*h - z. Give s(h).
0
Let a(n) = -n**2 - n + 1. Let d be (-150)/(-9) + 6/(-9). Let v be (0 - (-1 + -1)) + 2. Suppose -v*s - 10 = 5*o - 3, -o + 5*s + d = 0. Give a(o).
-1
Let m(c) = 3*c**2 - 4*c + 2. Let t be m(2). Let z(y) = -y + 1. Let p(w) = -w**2 + 10*w + 4. Let a(r) = -p(r) - 4*z(r). What is a(t)?
-8
Let r(x) = -7*x**2 + 8*x - 2. Let v(d) = 10*d**2 + 2 - 12*d + 2 - 1. Let g(a) = -7*r(a) - 5*v(a). Let n be 6 + -4 - (-6)/2. Give g(n).
-6
Let w(d) = 2*d**2 - 4*d + 5. Let u(a) = -5*a**2 + 7*a - 11. Let h(o) = 3*u(o) + 7*w(o). Let z(g) = -3*g + 0 + 2*g - 2 + 10. Let y be z(14). What is h(y)?
8
Let n(h) be the second derivative of h**5/20 + h**4/3 + h**3/6 + h**2 - h. Let u be -5 - (1 + 3)/(-4). Calculate n(u).
-2
Let h(k) = -k + 4. Let y be h(3). Let f be 2*(y - (-3)/(-2)). Let p(s) be the second derivative of -5*s**3/3 - s**2/2 + 6*s. Determine p(f).
9
Let b = -9 + 8. Let m = b - -4. Let g(x) = -x - 2. Give g(m).
-5
Let j(v) = 5*v**3 - 3*v. Let w(m) = -6*m**3 + m**2 + 3*m - 1. Let z(l) = 7*j(l) + 6*w(l). Let b(g) = g**3 - g**2 + 4*g + 5. Let i be b(0). Calculate z(i).
4
Let b(u) be the first derivative of u**4/4 - 2*u**3 + 2*u**2 + 6*u - 5. What is b(5)?
1
Suppose a - 5 = 2*a. Let l(g) be the third derivative of -g**5/60 - 5*g**4/24 - 18*g**2. Determine l(a).
0
Let g(o) = o**3 - o**2 + 1. Let c(q) = 4*q**3 + q**2 - 2*q + 3. Let j(z) = -c(z) + 2*g(z). What is j(-3)?
20
Let b be 4/(-10) - 44/(-10). Suppose -3*l + 2*f + 13 = 6*f, 14 = b*l + 2*f. Let r(v) = 3*v - 4. Determine r(l).
5
Suppose 0 = -4*q + q. Suppose q = -a - a. Let b(f) = -f + 7. What is b(a)?
7
Let m = 8 - 7. Let n be m + 0 - (5 + -5). Let t(w) = -3*w**2 - w + 1. What is t(n)?
-3
Let t(j) = -5*j**3 + 3*j - 3*j - 1. Suppose -8 + 18 = 10*m. Calculate t(m).
-6
Let o(s) be the first derivative of -s**2/2 - 5*s - 5. What is o(-7)?
2
Let d(x) = -x**3 - 8*x**2 + 7*x - 11. Suppose 0 = 3*j - 4*r + 39, -5*r = 4*j - 7 + 28. Calculate d(j).
7
Let x(u) = -5*u + 3 - 3 - 1 + 2*u. Let l(c) = c + 5. Let h be l(-6). What is x(h)?
2
Let u(z) = z. Let h be u(2). Let x(g) = -g**2 + 4*g + 1. Let j be x(4). Suppose -h*f + j = -1. Let l(s) = 6*s + 1. Give l(f).
7
Let v be (-2)/(-3)*(5 - 2). Suppose -4*h = -2 - v. Let a(f) = 9*f**3 - f**2. Give a(h).
8
Let p(a) be the third derivative of -a**7/840 + a**6/60 - a**5/24 - a**4/24 + a**3/3 + 3*a**2. Let g(l) be the first derivative of p(l). Determine g(5).
-1
Let w(f) = -2*f**2 + f + 1. Let d(c) be the third derivative of -c**5/60 + 3*c**4/8 + c**3/2 + 6*c**2. Let s be d(9). What is w(s)?
-14
Let c(f) = 36 - 30 - 4*f + 3*f. What is c(-5)?
11
Suppose -2*j + 10 = 2*m, -j - j - m = -14. Suppose -11 = 5*y + j. Let